 42. Calculate the highest common factor of 416 and y.
32
Let c(o) = o**2 - 13*o + 30. Let k be c(10). Let q(f) = f**3 + f**2 - f - 203. Let h be q(k). Let p = 423 + h. What is the highest common factor of p and 20?
20
Let f = -280 - 83. Let w = f - -622. Calculate the greatest common divisor of 7 and w.
7
Suppose -6*f + 7*f = 80. Suppose 0 = 3*x - 5*x + f. Suppose 7*h = 112 - 42. Calculate the greatest common factor of x and h.
10
Suppose 3*u = 3*t - 0*u + 318, -580 = 5*t + 5*u. Let n = -61 - t. Let x be -3 + (n + -5)*1/1. What is the greatest common factor of x and 6?
6
Let m(v) = -v**3 + 48*v**2 - 3*v + 1911. Let l be m(0). What is the highest common divisor of l and 117?
39
Let b be (3/(-5))/((-36)/2160). What is the highest common divisor of b and 480?
12
Let t(k) = 8*k - 16. Let h be t(21). Let y(x) = -48*x - 49. Let c be y(-3). Calculate the highest common factor of c and h.
19
Let m(o) = 2886*o - 3990. Let f be m(2). What is the greatest common divisor of 30 and f?
6
Let h = -19451 - -19464. Calculate the highest common factor of 832 and h.
13
Let n be ((-2)/5)/(2/(-10)). Suppose -88*a + 1267 = 65*a - 110. Calculate the greatest common factor of n and a.
1
Let q(n) = -n**3 - 12*n**2 - 12*n - 3. Let a be q(-11). Let r = 2428 - 2416. What is the greatest common divisor of r and a?
4
Let p(t) = -4*t**3 - 8*t**2 - 6*t + 10. Let q(l) = -l**2 - 8*l - 17. Let i be q(-6). Let h be p(i). What is the highest common divisor of h and 20?
20
Let x(j) = -29*j**2 - 69 + 128*j**2 - 63*j**2 + j**3 + 65*j. Let m be x(-34). Calculate the greatest common factor of m and 165.
33
Let q(p) = 1070*p - 868. Let c be q(2). What is the greatest common divisor of c and 72?
24
Suppose 0 = -5*a - b + 1486 - 994, -2*a = 2*b - 200. What is the highest common factor of a and 14?
14
Suppose -2*f + p = -1302, 4*f - 814 = p + 1794. Suppose -s - 203 = -h, 3*h + 2*s = f - 39. Calculate the highest common divisor of 12 and h.
12
Let l = -117 - -7. Let g = l + 170. Calculate the greatest common divisor of 45 and g.
15
Let i = -5296 - -6129. Calculate the highest common divisor of i and 204.
17
Let n(i) = 103*i - 955. Let j be n(10). What is the greatest common factor of j and 1025?
25
Let g(q) = -380*q + 11983. Let w be g(28). What is the highest common factor of 170 and w?
17
Let q = 33 + -28. Suppose -i + 71 = -q*f, -2*f + 5*f = 2*i - 163. Suppose -i = -5*o - 26. Calculate the greatest common factor of 12 and o.
12
Let u be (-1156)/(-10) + (9/(-15) - -1). Suppose -1 + 4 = -i, -5*g = i + 198. Let d = g + u. What is the greatest common factor of d and 11?
11
Let k(f) = 8*f**2 - 142*f + 124. Let z be k(17). Suppose -3*m + 1491 = -5*g - 423, g = -4*m + 2552. What is the greatest common divisor of m and z?
22
Suppose -7*r + 10 = -8*r. Let g = r - -123. Suppose b = 27 + g. Calculate the greatest common factor of 28 and b.
28
Let x be (8/(-24))/((-1)/(-339)) - -5. Let n be (-54)/x*3*282. Calculate the greatest common divisor of n and 9.
9
Suppose 0 = q - 5, -4*n + 2*n - 2*q + 3722 = 0. Calculate the highest common divisor of 58 and n.
58
Let m = 2858 + -2709. What is the highest common factor of m and 149?
149
Suppose -5*w + 3*c = -20 - 22, -2*w + c + 17 = 0. Suppose -w*m = 7*m - 2544. What is the greatest common divisor of 212 and m?
53
Let p = 17396 - 9293. Calculate the greatest common factor of p and 111.
111
Suppose -5*c = -5*f - 35, 3*c + f - 11 = 2. Let l be 460/c + 14/2. What is the highest common divisor of 44 and l?
11
Let l be 3/(-1) + 7 + -49. Let z = l - -58. Let d be 3290/91 + (-2)/z + 0. What is the greatest common factor of d and 27?
9
Let h be ((-7)/6)/7 + 754/(-12). Let g be ((h/(-7))/3)/(2/22). Calculate the greatest common factor of g and 165.
33
Suppose 378 = -38*n + 40*n. Let c(b) = -b**3 + 4*b**2 + 16*b - 13. Let y be c(5). What is the highest common factor of n and y?
21
Suppose -h + 448 = 3*c, 26*h - 27*h - 736 = -5*c. What is the highest common factor of c and 185?
37
Let s(r) = 6*r**2 + 20*r - 2 - 8*r - 20 + 4. Let b be s(4). Calculate the greatest common divisor of b and 6.
6
Suppose 14219 = 38*t - 42591. What is the greatest common factor of t and 115?
115
Suppose 0 = -5*b + 6*l - 10*l + 15, -17 = -b + 2*l. What is the highest common divisor of b and 469?
7
Let x = 30188 + -26414. Calculate the greatest common factor of x and 592.
74
Let u = 7919 + -7911. What is the greatest common divisor of 13576 and u?
8
Suppose 4*t + 3*q + 44 = 0, 36 = -t - 4*t + q. Let s be (-9 - (0 + t))*(1 + -232). What is the greatest common factor of 42 and s?
21
Let q(h) = 10*h - 36. Let j be (-107)/1 + (-4 + 9 - 6). Let r = j - -114. Let p be q(r). What is the greatest common divisor of p and 8?
8
Let l(v) = 46*v + 58. Let t be l(-1). Let c be (((-1568)/(-12))/(-1))/((-8)/t). Calculate the highest common factor of 84 and c.
28
Let w(g) = 5*g**2 + 5*g - 7. Let t be w(2). Suppose -t*f = -10*f - 3120. Let j = 63 - 33. Calculate the highest common factor of j and f.
30
Let p(y) = -y**3 + 13*y**2 + 26. Let j be p(12). What is the highest common factor of j and 34?
34
Let p be (-626)/(-14) - 2/(-7). Suppose 2*t + 5 = 11. Suppose 0 = t*j - y - 12 - 4, 6 = j - y. Calculate the highest common divisor of p and j.
5
Let o(f) = -4*f**3 + 54*f + 18. Let u be o(-7). What is the highest common divisor of 11 and u?
11
Let j = -273 - -512. Let g = j + -203. Calculate the greatest common factor of g and 4.
4
Suppose 15084 = 121*u + 1532. Calculate the greatest common divisor of 10304 and u.
112
Let w(q) = 2*q + 27. Let g(m) = -m + 1. Let j(z) = 3*g(z) + w(z). Let n be j(15). Let o be 1/3 + (-4667)/(-39). What is the highest common divisor of o and n?
15
Let q(h) = -130*h - 1255. Let k be q(-10). Calculate the highest common factor of k and 171.
9
Suppose -12*t - 42 = 18*t - 32*t. Calculate the highest common factor of 1253 and t.
7
Let h = -11 - -13. Suppose 3*l - 3*s = 48, 2*l + h*s - 60 = -3*s. Let n be 330/l + (-3)/(-6). What is the greatest common factor of 119 and n?
17
Let t be ((-156)/(-52))/((-9)/(-714)). Calculate the greatest common divisor of t and 374.
34
Suppose -a = -3, 4*w = 3*a - 4*a + 15. Suppose -10*q = -w*q - 6272. Calculate the greatest common divisor of 56 and q.
56
Let q be (-14973)/(-341) - 0/2 - (-18)/198. Calculate the highest common factor of q and 58.
2
Let y(i) be the first derivative of -i**3/3 - 11*i**2/2 - 2*i + 30. Let k be y(-10). Let q(n) = n. Let x be q(2). What is the highest common divisor of x and k?
2
Let j be 5*24/(-780) + 1 + (-2112)/(-39). Calculate the greatest common factor of j and 2915.
55
Suppose 0 = 299*z - 309*z + 280. What is the greatest common divisor of z and 2044?
28
Let r be 2/(-5) + 128/20. Let y = 296 - 294. What is the greatest common divisor of r and y?
2
Let a = 41 + -23. Let f(q) = 11*q**3 + 36*q**2 - q**3 - 5*q**3 + 43 - 23*q**2 - 6*q**3 + 18*q. Let l be f(14). What is the greatest common factor of l and a?
9
Suppose -4*o + 5*r = 3 - 44, 5*r = -o - 21. Suppose -1281 = -o*t + 31. What is the greatest common factor of 41 and t?
41
Suppose 18*k = 20*k - 640. Let s = k + -298. What is the greatest common divisor of 143 and s?
11
Suppose 5*d - 3200 = 4*o, 167*d - 1257 = 165*d - 3*o. What is the highest common factor of d and 48?
12
Suppose -3*b + 100*q = 103*q - 579, 0 = -b - 5*q + 181. What is the highest common divisor of b and 448?
28
Suppose 6*x - 43 - 11 = 0. Let q be ((-3)/x)/((2/2)/6). Let t be ((-3)/(-4))/(q/(-8)). Calculate the greatest common factor of 21 and t.
3
Suppose -1163 = 18*i - 1325. Calculate the greatest common factor of 64 and i.
1
Suppose -1114*k - 294 = -1116*k - 2*y, k - 5*y = 183. What is the greatest common factor of 544 and k?
17
Let v(c) = 3610*c + 10. Let j(p) = 401*p + 1. Let y(o) = -55*j(o) + 6*v(o). Let t be y(-1). Calculate the highest common divisor of 50 and t.
50
Suppose -12 = -4*o, u = -4*u - o + 4488. Let g(d) = -30*d**2 - 579*d - 93. Let n be g(-19). What is the highest common factor of u and n?
39
Let l be 7120/25 + (-9)/(-45). What is the highest common divisor of 315 and l?
15
Let z be -16 - ((-32000)/600)/((-4)/(-18)). Suppose 6*t - 700 = t. Suppose -5*o + t = -0*o. What is the greatest common divisor of o and z?
28
Suppose -16*p + 1256 = p - 36. Calculate the greatest common factor of 